vert 374484 (base 9) to base 13.
7c078
-85045 (base 16) to base 9
-1020334
Convert -279866 (base 12) to base 15.
-d0683
-5b152e (base 16) to base 10
-5969198
Convert -9689a (base 11) to base 6.
-3004000
Convert 111121102210022 (base 3) to base 7.
115321202
What is 247963 (base 10) in base 11?
15a331
Convert 1021212012222 (base 3) to base 11.
429573
What is -60a56 (base 14) in base 16?
-38c54
1a59b2 (base 12) to base 15
93242
What is 1912721 (base 10) in base 11?
1097068
What is 2deef (base 16) in base 13?
67837
What is 784659 (base 14) in base 11?
233a685
Convert 140623664 (base 7) to base 4.
202331302202
Convert 21222301 (base 4) to base 15.
bb01
What is 44103444 (base 5) in base 10?
378624
Convert -1100101110100101000100 (base 2) to base 10.
-3336516
What is 96b197 (base 12) in base 15?
3211d1
What is bb1e2 (base 16) in base 9?
1387313
Convert c890 (base 13) to base 12.
14135
What is 21222120002 (base 3) in base 7?
1223066
Convert -5152482 (base 9) to base 13.
-75417b
Convert -993 (base 10) to base 5.
-12433
1610676 (base 8) to base 5
104311134
9942 (base 10) to base 4
2123112
614260 (base 9) to base 10
363987
What is 18fb5 (base 16) in base 3?
12012100211
-22221110012 (base 3) to base 12
-85a42
-2211121100100 (base 3) to base 14
-2b36da
What is -895355 (base 10) in base 6?
-31105055
Convert 104909 (base 10) to base 2.
11001100111001101
Convert 24787 (base 14) to base 11.
61101
10143034 (base 5) to base 15
19de9
22089 (base 13) to base 2
1111000010111101
Convert 30605 (base 9) to base 14.
74d0
Convert 1000000011000010110000 (base 2) to base 5.
1020001431
What is -25766165 (base 9) in base 6?
-1131441222
Convert -2058461 (base 12) to base 14.
-b47609
Convert 4320 (base 13) to base 2.
10010001101001
10010011011101000100 (base 2) to base 13
181ba5
What is -10001110010000000000 (base 2) in base 5?
-122121111
What is 10100100100111001 (base 2) in base 9?
137545
Convert -1716a7 (base 11) to base 15.
-53ae2
-8926156 (base 10) to base 16
-8833cc
What is 19094 (base 16) in base 6?
2110432
-48432 (base 10) to base 4
-23310300
1742ad (base 15) to base 14
215059
What is -615b2 (base 14) in base 3?
-102220111121
Convert 13dc2 (base 16) to base 12.
3b0aa
What is -58ff8 (base 16) in base 12?
-156b60
Convert -1222202012 (base 3) to base 7.
-222143
What is 1000000101001101000101 (base 2) in base 8?
10051505
What is 2331230020 (base 4) in base 14?
16321a
5141420 (base 6) to base 13
88332
What is -1060010 (base 7) in base 9?
-221135
What is -1011100000001101111001 (base 2) in base 9?
-5605485
Convert -199254 (base 13) to base 11.
-403276
Convert 141422203 (base 5) to base 8.
2627203
What is -12270470 (base 9) in base 8?
-26732627
1752ea (base 15) to base 16
11431f
Convert 1013132 (base 5) to base 16.
411b
What is 25381827 (base 9) in base 7?
210600364
-2000202202 (base 3) to base 13
-15233
Convert -31313320121 (base 4) to base 10.
-3636761
1615553 (base 7) to base 4
312122222
2049620 (base 10) to base 6
111532552
What is -35d5d (base 15) in base 2?
-101001111011110011
What is 1cb0a2 (base 16) in base 12?
768116
What is -1000101110011110010 (base 2) in base 16?
-45cf2
-2212220300 (base 4) to base 5
-133320134
Convert 2d195 (base 16) to base 6.
3543113
What is -38356 (base 13) in base 7?
-611506
What is 32652 (base 15) in base 9?
263485
Convert 100641656 (base 8) to base 15.
1759635
Convert 2302423311 (base 5) to base 3.
100122022020021
What is 5579d (base 15) in base 4?
1002111223
6071417 (base 10) to base 5
3023241132
Convert -69513 (base 12) to base 6.
-3003223
Convert -31272 (base 12) to base 5.
-4024220
Convert -220221021 (base 3) to base 9.
-26837
What is -111524653 (base 7) in base 9?
-13708074
What is 4312333 (base 5) in base 4?
101302023
What is -1010110101011101111111 (base 2) in base 7?
-33100121
54a6445 (base 12) to base 4
331211103311
34267434 (base 8) to base 12
25a6110
Convert eef50 (base 16) to base 8.
3567520
Convert -212211022323 (base 4) to base 11.
-5788654
1215143 (base 6) to base 5
4032042
Convert 99e3f (base 16) to base 3.
1012000122202
Convert -46e57 (base 15) to base 3.
-102110222201
Convert -242331314 (base 5) to base 12.
-46980b
What is 475f3 (base 16) in base 8?
1072763
What is -203230433 (base 5) in base 7?
-10052251
7567a7 (base 14) to base 7
45533300
What is -122251320 (base 6) in base 7?
-26006244
What is -202303302122 (base 4) in base 11?
-5172841
What is -1105032 (base 8) in base 9?
-503073
-883a7b (base 15) to base 2
-11000110001000101001011
Convert 141113 (base 6) to base 14.
4b65
Convert -10434401 (base 5) to base 7.
-535301
-1411351 (base 6) to base 5
-10020121
12774772 (base 8) to base 6
141434442
Convert 20412355 (base 6) to base 2.
10010000101111001111
Convert -101010010010000001100 (base 2) to base 13.
-396819
Convert 121224013 (base 6) to base 2.
1000110010110010001001
Convert -252315543 (base 6) to base 12.
-1772bb3
What is 4430711 (base 8) in base 15?
18847d
What is -772c3 (base 14) in base 10?
-288683
-2dddb0 (base 16) to base 13
-81322c
What is 201211222 (base 3) in base 16?
3887
What is -10413410310 (base 5) in base 7?
-166314351
-21001 (base 15) to base 3
-12022112001
Convert 712a53 (base 11) to base 5.
243132203
What is 292646 (base 12) in base 9?
1258600
What is -5761795 (base 10) in base 16?
-57eb03
What is -101100000011100011 (base 2) in base 5?
-21233301
141322200 (base 6) to base 5
1213404230
Convert -4953b (base 12) to base 14.
-28263
Convert 3400303 (base 5) to base 10.
59453
Convert -31510134 (base 6) to base 12.
-38834a
What is -66623 (base 9) in base 3?
-2020200210
What is -1400013 (base 5) in base 10?
-28133
110030213000 (base 4) to base 16
50c9c0
What is 15165 (base 13) in base 12?
1b046
What is 1040613 (base 7) in base 12?
61999
What is 76677154 (base 8) in base 15?
16a87d5
Convert -134023141 (base 5) to base 7.
-5600150
What is -3244651 (base 9) in base 15?
-2462ad
What is -20443301 (base 7) in base 8?
-6451247
-200000220022202 (base 3) to base 10
-9583670
What is -42211 (base 11) in base 5?
-3431410
What is 6024b (base 15) in base 14?
7cc59
Convert 13082833 (base 9) to base 5.
3121310131
What is -82164 (base 11) in base 16?
-1d4ad
Convert -22022201002020 (base 3) to base 5.
-2113013103
What is -1075207 (base 8) in base 11?
-190579
What is 21010220220 (base 3) in base 2?
100010010101100000
-ad69cb (base 14) to base 3
-102002112212102
What is -175453 (base 11) in base 2?
-1000010000110001111
What is -210201221001001 (base 3) in base 2?
-101100000100011011101011
Convert 11424035 (base 6) to base 2.
1011000001011010111
Convert -11111001100010000011 (base 2) to base 14.
-1c869d
604740 (base 8) to base 11
126683
-762c8 (base 14) to base 16
-45cf8
Convert 2c310 (base 14) to base 11.
75a0a
Convert -1a910 (base 14) to base 11.
-468a6
What is -140311202 (base 5) in base 2?
-10101110001001010110
What is 11305004 (base 6) in base 12?
14b164
1442156 (base 7) to base 13
6ab4a
Convert -5abc78 (base 15) to base 2.
-10000100100010100010111
What is 165172 (base 9) in base 10?
102206
32023026 (base 8) to base 10
6825494
76758 (base 10) to base 9
126256
What is -434243232 (base 5) in base 10?
-1868567
Convert 2221105 (base 6) to base 16.
1b461
Convert -183a236 (base 12) to base 11.
-2943aa0
-24601005 (base 7) to base 2
-1000011101101101111000
What is 10112213033 (base 4) in base 5?
243004244
What is -1209178 (base 10) in base 5?
-302143203
What is 14d672 (base 14) in base 5?
141302221
What is 3a34b1 (base 13) in base 5?
330010100
Convert 1b7a0 (base 13) to base 10.
54041
What is -90326 (base 12) in base 4?
-231223032
What is -11000000001010011 (base 2) in base 15?
-1e242
What is -41617 (base 13) in base 2?
-11100101011100011
-3103012 (base 6) to base 16
-243b0
-8776ca (base 14) to base 13
-c4a1cb
What is -1023030 (base 4) in base 5?
-123222
What is -431065 (base 9) in base 16?
-3ea9b
What is 8cd59 (base 16) in base 7?
4621541
-1713562 (base 8) to base 4
-1321131302
Convert -102100102011221 (base 3) to base 8.
-27003456
Convert 1311321310 (base 4) to base 14.
c7dd2
What is 3100111023 (base 4) in base 2?
11010000010101001011
-1df9db (base 16) to base 5
-1000331012
Convert -14578ba (base 12) to base 7.
-46556431
Convert 3958040 (base 12) to base 16.
aca730
-43224142 (base 5) to base 6
-11513010
Convert -311240333 (b